et i be -1 - -5 - (-1 + -14). Suppose -x + b + 14 = 0, 2*x + 3*b = -0*b + 18. Calculate the remainder when (-10 + 4)/(-2) + i is divided by x.
10
Suppose -192*v = -205*v + 585. What is the remainder when 128 is divided by v?
38
Let l(o) = -2*o**2 - 19*o + 21. What is the remainder when 927 is divided by l(-9)?
27
Suppose -15*h = -5*h - 20. Suppose -h*j = j - 51. Calculate the remainder when 101 is divided by j.
16
Let d = -11 - -19. Suppose 11 = b - 5*x, 121 = -3*b + d*b - 3*x. Suppose -b = -4*m + 10. Calculate the remainder when m is divided by 3.
0
Suppose -5*a + 16 = -o + 6, 4*o = 5*a + 5. What is the remainder when 110 is divided by a?
2
Let p(t) = 5*t**2 - 25*t - 31. Suppose 0*s + 3*s = 90. Calculate the remainder when p(8) is divided by s.
29
What is the remainder when 1115 is divided by 216/(-54) + 2*45?
83
Suppose 2*k - 150 = 3*z, -2*k = -k - 2*z - 74. What is the remainder when k is divided by 32?
14
Let b = 106 - 82. Let u = b - -66. What is the remainder when u is divided by 25?
15
Calculate the remainder when 62 is divided by 0 - -19 - (31 + -25).
10
Suppose 4*s + 4*b - 160 = 0, 182 = s + 4*s - b. Suppose s = 2*n - 19. What is the remainder when n is divided by 15/2*(-10)/(-5)?
13
Calculate the remainder when 219 is divided by (-145 + -5)/((-28)/14).
69
Let f = 0 + 6. Let i(l) = 4 + 2*l**2 + 6*l**2 - 3*l**2 - 5 + l**3. Calculate the remainder when i(-3) is divided by f.
5
Suppose 0*y + 5*v = 4*y - 247, -4*y + v + 235 = 0. Calculate the remainder when y is divided by 5.
3
Suppose -y + 0*y + 5 = 0. Suppose 10 = -3*q + y*q. What is the remainder when (-8)/6 + (-688)/(-48) is divided by q?
3
Let v(j) = 10*j**2 + 8*j - 44. What is the remainder when 437 is divided by v(4)?
141
Calculate the remainder when 288 is divided by (-692)/(-40) - 36/120.
16
Suppose 7*w - 20 - 29 = 0. Calculate the remainder when 52 is divided by 6/(-4)*(-5 + w + -6).
4
Let d(k) = -4*k - 6. Suppose 5*g + 3*j = -22, 0*j - 5 = 2*g + 5*j. What is the remainder when 27 is divided by d(g)?
13
Suppose 5*g + 0*g - 64 = -2*c, 4*c - 8 = 0. What is the remainder when (-166)/(0 - 3 - -1) is divided by g?
11
Suppose -4*n - 276 = -360. Calculate the remainder when 114 is divided by n.
9
Let w(t) = t - 3. Let b be w(8). Let u(a) be the second derivative of a**4/4 - 2*a**3 - a. What is the remainder when u(b) is divided by 4?
3
Let n be (-14)/21*1*9. Let k be (-98)/(-21) + (-2)/n. Suppose x + k*a = -x - 15, 4*a + 5 = -3*x. Calculate the remainder when 17 is divided by x.
2
Let m be (-12)/42 + 821/7. Suppose -30 = y - 7*y. Suppose -3*p = -c - 4*c - 83, -3*c - m = -y*p. What is the remainder when 81 is divided by p?
18
Let k(v) = -4*v + 2. Let r be k(4). Let m = -9 - r. Let z = 342 - 338. Calculate the remainder when m is divided by z.
1
Suppose -3*z + 8 = -55. Suppose u = -2*o + 3*u + 18, -3*u = 2*o - 33. What is the remainder when z is divided by o?
9
Suppose -5*u = 4*z - 383, 2*z - 73 = 106*u - 107*u. Calculate the remainder when u is divided by 18.
7
Suppose 1083 = 74*o - 27. Suppose -4*m = -9 - 7. Calculate the remainder when o is divided by m.
3
Let m = 94 - 65. Let d = -11 + m. What is the remainder when 34 is divided by d?
16
Let w = 40 + -23. Calculate the remainder when 113 is divided by w.
11
Suppose -196 = -5*x - u, -5*u + 4 = -6*u. What is the remainder when 91 is divided by x?
11
Let o(d) = 4*d**2 - 3*d. Let v be (-20)/9 + (-10)/(-45). Calculate the remainder when 87 is divided by o(v).
21
Calculate the remainder when 210 is divided by 5 + 748/(-17)*(-1)/2.
21
Let a = -44 + 39. Suppose 0 = -0*s - s + 19. What is the remainder when s is divided by a*2/(-2 + 0)?
4
Let p(f) = -52*f**3 - 16 + 51*f**3 - 4*f - 18*f**2 + f. What is the remainder when p(-18) is divided by 13?
12
Suppose -y - 4 = f, -f = -0*f - y. Calculate the remainder when f*(0 - (-105)/(-6)) is divided by 13.
9
Suppose 0 = 91*t - 82*t - 900. What is the remainder when t is divided by 4?
0
Let g = -29 - -28. What is the remainder when 75 is divided by 0 - -19 - (g + 1)?
18
Suppose 3*d + 5 = 59. Suppose 276 = k + 11*k. What is the remainder when k is divided by d?
5
Let i = 23 - 1. Suppose -r - 29 = -3*a, 0 = -4*a + 5*r + 23 + 34. What is the remainder when i is divided by a?
6
Suppose -20 = 4*u - 8*u. Suppose 1 = 3*v - 5*h - 34, 5 = -u*h. Calculate the remainder when 15 is divided by v.
5
Suppose -4*l + 7*c = 8*c - 18, -19 = -5*l - 3*c. Suppose -4*g - 19 = -2*s - 75, -3*g + 42 = l*s. Calculate the remainder when 153 is divided by g.
13
Let k(g) = g**3 + 8*g**2 + 4*g - 6. Let u be k(-7). Let i = u - -14. Suppose -w - 9 = -2*w + c, -w = 3*c - 13. Calculate the remainder when i is divided by w.
9
Let r(w) = -w**2 - 18 + 14*w + 1 - 3. Suppose 3*k - 15 - 6 = 0. What is the remainder when k is divided by r(12)?
3
What is the remainder when 128 is divided by 8 + 1*(6 + 20)?
26
Let o be 16/(-6)*(-12)/16. Suppose o*n + 2*n = 76. Let j = n + -13. What is the remainder when 21 is divided by j?
3
Suppose -122*q = -128*q + 138. Let b = -13 + 21. What is the remainder when q is divided by b?
7
Let i(t) = t**3 - 4*t**2 + 2. Let r be i(4). Suppose -2*p = -8, p = 4*w - 3*p. Suppose -r*s - 64 = -w*s. What is the remainder when s is divided by 11?
10
Let f(z) = -z. Let r(c) = 3*c + 2. Let v(p) = 4*f(p) - r(p). Calculate the remainder when 19 is divided by v(-1).
4
Suppose 529*v = 522*v + 1946. What is the remainder when v is divided by 14?
12
Suppose -5*n + 184 = -41. Suppose -124 + 5 = -7*p. Let i = n - p. Calculate the remainder when i is divided by 15.
13
Let q = 7 - 5. Suppose 0 = -3*t - 5*w - 39, 0 = -5*t + q*w - w - 65. Let x = -4 - t. What is the remainder when x is divided by 4?
1
Let d = 1609 + -1573. Calculate the remainder when d is divided by ((-20)/6)/(4/(-12)).
6
Suppose 11 = -2*a - 4*m - 5, 3*a - 3*m - 21 = 0. Suppose a*p = -2*b + 6*b + 10, -2*b - 19 = -3*p. Let v = 12 + -1. What is the remainder when v is divided by p?
4
Let h be 1/(-2)*(-8 - -2). Suppose h*m - 4 + 51 = 2*i, 118 = 3*i + 5*m. Calculate the remainder when 87 is divided by i.
25
Let s(n) = -12*n - 3. Suppose -2*z = 2*q - 2, 0 = 2*z + 3*q - 2 - 5. Let o be s(z). Suppose 0 = f - o - 32. What is the remainder when f is divided by 26?
25
Let h = 78 - 76. Let t = h + 6. What is the remainder when 31 is divided by t?
7
Let n(y) = y**2 - y - 1. Let m(l) = 5*l**2 - l - 3. Let z(v) = 2*m(v) - 6*n(v). Let r be z(-4). Let k = r - 2. Calculate the remainder when k is divided by 12.
10
Let g = 4345 - 4333. Let z(k) = 54*k - 3. What is the remainder when z(2) is divided by g?
9
Let k(s) = 5*s + 8. Let u be k(-4). Let c = -12 - u. What is the remainder when c - (-2 - (-164)/(-4)) is divided by 15?
13
Suppose 3*o = 4*p + 23, 4*o - 3*o - 8 = p. Let n(w) = -3*w + 1. What is the remainder when n(-11) is divided by 140/15 - 3/o?
7
Let k(b) = 99*b. Let y be k(1). Let j = y - 58. Suppose 171 = 10*c + 21. What is the remainder when j is divided by c?
11
Let t = 11 + 57. Suppose j + 57 = 2*i, -3*j + 9 = 2*i - t. Calculate the remainder when 89 is divided by i.
27
Suppose -16 = q + 7*f - 3*f, -q + 16 = -4*f. Suppose q = -5*m - 62 + 1127. Calculate the remainder when m is divided by 43.
41
Let k = 56 + -23. What is the remainder when 0 + 11 + -8 - (2 - 61) is divided by k?
29
Let l = 7 + -6. What is the remainder when 58 is divided by (l - -1)/((-3)/(-30))?
18
What is the remainder when 200 is divided by (-1)/(-6*11/462)?
4
Let l(s) = 2*s**2 - 10*s + 34. Calculate the remainder when l(5) is divided by 9.
7
Let c = -822 + 833. Calculate the remainder when 45 is divided by c.
1
Let s(g) = -g**3 + 7*g**2 + 22*g - 37. Suppose h - 41 = 4*t - 11, -t - 112 = -5*h. Let r = h + 4. What is the remainder when s(8) is divided by r?
23
Suppose -574 + 1854 = 10*f. What is the remainder when f is divided by 35?
23
Suppose 61 = 8*r + 13. Suppose 0 = f + 4, 2*z + 8 = -3*f + 38. What is the remainder when z is divided by r?
3
Suppose 0 = 6*i + i - 903. What is the remainder when i is divided by 33?
30
Suppose 0 = -23*z - 54*z + 5852. What is the remainder when z is divided by 6?
4
Suppose 3*v + 1 = -2*t, -2*v + 6 = 3*t - 0*v. Calculate the remainder when 23 is divided by 2*(t/22 + (-51)/(-22)).
3
Suppose 27*u = 17*u + 150. Calculate the remainder when u is divided by 6.
3
Suppose o 